hen 43 is divided by 93/j - 3/6.
13
Let f(n) = n**2 + 4*n + 2. Let p be f(-7). Let x = p - 21. Calculate the remainder when x is divided by 2.
0
Calculate the remainder when 74 is divided by (13/5)/(11/55).
9
Suppose -2*g + 349 = 41. What is the remainder when g is divided by 47?
13
Let u = -1134 - -1341. Let k(s) = 11*s - 3. What is the remainder when u is divided by k(5)?
51
Let r be -16 - -14 - (-1 - 25). Suppose 3*u = 4*v - 46, -4*v - u - r = -78. What is the remainder when 36 is divided by v?
10
Let v = 823 + -801. Calculate the remainder when 307 is divided by v.
21
Suppose -4*m - y + 163 = 0, 3*y = 3*m - 4*m + 38. Calculate the remainder when m is divided by 22.
19
Suppose -5*c - 2*p + 190 = -6*p, 2*p - 190 = -5*c. What is the remainder when c is divided by 18?
2
Let z be 80 + (-3 - -4) + -2. Suppose 71 = p - z. Suppose -p = 2*t - 5*t. What is the remainder when t is divided by 17?
16
Let a be (5/(-3))/((-1)/3). Suppose 4*y + 2 = 2*p, 3*y - 6 = -4*p + 9. Suppose -a*q + p*q = -218. What is the remainder when q is divided by 28?
25
Let z(m) = m - 5. Let d be z(0). Let h = d - -11. Calculate the remainder when 9/108*-4 + 134/6 is divided by h.
4
Let a = 230 + -206. Calculate the remainder when 332/(-6)*(5 + -8) is divided by a.
22
Let z = 38 + -36. Suppose -z*j - 2*j = -64. What is the remainder when ((-93)/3)/((-1)/2) is divided by j?
14
Suppose -5*w - 4*z = -0*z - 453, 5*z + 108 = w. Let h = 2 + 22. Calculate the remainder when w is divided by h.
21
Suppose 4*v - 2*l = 8*v - 140, -3*v - 2*l = -105. Let b = 62 - v. What is the remainder when b is divided by 14?
13
Suppose 3*h - 10*u + 15*u = 31, -3*u = -6. What is the remainder when 214 is divided by h?
4
Suppose 3*t + 13*x = 12*x + 125, -3*x = -t + 45. What is the remainder when 122 is divided by t?
38
Let m = 115 - 76. Calculate the remainder when 123 is divided by m.
6
Let o(f) = 30*f**3 + f**2 - f + 1. Let k be o(1). Suppose 9 + k = 4*t. Suppose 3*m - 31 = 4*g, t + 1 = m - 2*g. Calculate the remainder when 25 is divided by m.
7
Let n = -1 + 4. Suppose -5*z = -2*f + 23 + n, 28 = 2*f - 4*z. Suppose -10*s + f = -8*s. What is the remainder when s is divided by 4?
1
Suppose -2*t + 3*q + 71 - 38 = 0, 5*t - 86 = 4*q. Let j(l) = 14*l + 1. Calculate the remainder when j(5) is divided by t.
17
What is the remainder when (-1)/((-140)/138 - -1) is divided by (-4)/44 + 19453/539?
33
Let p be (-2)/((-2)/(-52) - 0). Let c = -10 - p. Calculate the remainder when c is divided by 16.
10
Let l = -11 - -15. Suppose l*z = 5*z - 48. Suppose -c = -0*c - z. Calculate the remainder when c is divided by 17.
14
Let m(j) = -8*j**2 - 3*j + 3. Let w be m(-3). Let n = w - -84. Suppose 0 = 5*z + 3*a - 45, -7*a + 3*a = 0. Calculate the remainder when n is divided by z.
6
Let t = 109 - 106. Calculate the remainder when 102 is divided by t.
0
Let s(o) = o**2 + 13*o - 80. Let k = -46 - -76. Calculate the remainder when k is divided by s(-18).
0
Suppose -5*r + 5 = -0, 4*h - 153 = -5*r. What is the remainder when 292 is divided by h?
33
Let s(q) = 20*q**2 - 50*q - 1. What is the remainder when 114 is divided by s(3)?
27
Suppose 5*v - 222 = 4*v. Calculate the remainder when v is divided by 75.
72
Suppose -2*k - 3*t + 8*t + 22 = 0, 5*k - 85 = 5*t. Let i = 1070 + -1058. What is the remainder when k is divided by i?
9
Let q = -57 + 104. Let m = -26 + 23. Let h(r) = -2*r + 10. What is the remainder when q is divided by h(m)?
15
Let b be 62/22 + 2/11. Let z be b/2 + 5/10. Suppose 5*n + 5 = 0, 5*u + z*n - 53 = 25. Calculate the remainder when 30 is divided by u.
14
Let l(b) = 4*b**2 - 3. Let j be l(3). Suppose -j*g + 96 = -30*g. What is the remainder when g is divided by 17?
15
Let l(d) = 13 + 16*d - 8*d + 18*d + 25*d**2 - d**3. What is the remainder when l(26) is divided by 13?
0
Let s(i) = -i**3 + 35*i**2 - 32*i + 68. What is the remainder when s(34) is divided by 12?
4
Let d be 5*(-3 + 112/20). Let b = d - -18. Calculate the remainder when b is divided by 4/(-12) - (-50)/6.
7
Let z = -87 + 109. Suppose 0 = z*u - 7*u - 120. What is the remainder when 79 is divided by u?
7
Let b be (12/(4/(-1)))/(-1). Let c be (-2)/6 + 16/b. Suppose 5*k - 15 = -5*o, -c*k - 9 + 4 = 0. Calculate the remainder when 7 is divided by o.
3
Let l(d) = -d**3 - 2*d**2 - d + 51. Suppose s + 30 = 2*q, 0*s - 6 = 3*s. Calculate the remainder when l(0) is divided by q.
9
Suppose -q = 5, -5*h = -3*q - 273 - 182. Calculate the remainder when h is divided by 13.
10
Let j(u) = u**3 - 3*u**2 + 4*u - 9. Suppose -4*a = 4*n - 8, 3*a + a - 18 = n. Calculate the remainder when 112 is divided by j(a).
20
Let z(n) = n**3 - 6*n**2 + 5*n - 18. What is the remainder when 44 is divided by z(6)?
8
Let w = -156 - -169. Let d(t) = 14*t. Let q be d(1). Suppose -2*s + q = -58. Calculate the remainder when s is divided by w.
10
Suppose 2*u + 4*n = -366, -6*u - 3*n = -3*u + 549. Let p = 258 + u. Calculate the remainder when p is divided by 13.
10
Suppose -5 - 7 = -d. Suppose 0 = -5*g + 2*i + 409, -2*i = 5*g + 3*i - 395. Let v = g - 35. Calculate the remainder when v is divided by d.
10
Suppose -4*m = 4*i - 616, -5*m = -2*m - i - 482. What is the remainder when m is divided by 152?
7
Suppose -5*v + 2*v - 2*d = -19, 2*v = -d + 11. Let a(r) = -2*r - 8. Let p be a(-6). Suppose p*w = 2*w + 4. What is the remainder when v is divided by w?
1
Let p = 46 + 8. Let r(s) = -s**3 - 2*s**2 + 12*s + 19. Calculate the remainder when p is divided by r(0).
16
Let i be -1 + 1*-6*(-2)/4. Suppose -8*v + 72 = -i*v. Calculate the remainder when 23 is divided by v.
11
Let b(q) = -q**2 + 2*q. Let n be b(0). Suppose n = 4*f - 142 - 42. Suppose 0*k - 2*k + f = 0. What is the remainder when k is divided by 6?
5
Let a be 6 + (0 - -1) - -3. Suppose 17*g - a = 12*g. Suppose -5*j = -25, g*j - 34 - 4 = -i. Calculate the remainder when i is divided by 16.
12
Suppose 15 = -8*m + 13*m. Let t = 1079 + -1017. What is the remainder when t is divided by m?
2
Let k be (-2)/(-9) + 3540/108. Let t = 60 - k. What is the remainder when 105 is divided by t?
24
Let d(p) = p + 4. Let n be d(-2). Suppose 2*q = -n*q + 148. Calculate the remainder when q is divided by 15/9*3*2.
7
Let s(j) = -j**2 - 6*j + 5. Suppose 10 = 16*v - 54. What is the remainder when s(-6) is divided by v?
1
Suppose -4 - 16 = -5*j. Suppose 0 = j*a + z - 17, -z + 5 = 3*a - 7. Calculate the remainder when 12 is divided by a.
2
Let q(w) = -w**3 - 7*w**2 - w - 6. Let z be q(-7). Suppose 0 = 3*h + h - 124. What is the remainder when h is divided by (2 - z) + -2 + 17?
15
Suppose -228 = -x - 222. Let p(c) = c**2 - 5*c - 3. Calculate the remainder when p(-3) is divided by x.
3
Suppose -l = -4*l + 126. Calculate the remainder when 117 is divided by l.
33
Suppose -46 = -4*o + 78. Calculate the remainder when 194 is divided by o.
8
Suppose 4*q + 5*l - 443 = 0, l + 3*l = 3*q - 309. Suppose -4*m + 2*m - 90 = -4*g, 5*g - q = -3*m. Let u = g + 9. What is the remainder when u is divided by 17?
14
Let s(i) = 10*i**2 + i. Suppose -2*w = -j - 3 - 5, 3*j + 19 = 5*w. Suppose -2*q - 3*q + 60 = 3*l, -6 = -j*q. What is the remainder when s(2) is divided by l?
12
Suppose -4*p - 5*u + 22 = -0*p, -23 = -5*p - 4*u. Suppose 0*t = -2*s + t + 328, s - p*t - 164 = 0. What is the remainder when s is divided by 33?
32
Suppose 0*h + 4*h = -248. Let p = -43 - h. Calculate the remainder when 32 is divided by p.
13
Let t(o) = -o + 3. Let j(r) = -r. Let d(q) = 2*j(q) - t(q). Suppose -3*l + 4*s - 24 = 23, -2*s = 5*l + 61. Calculate the remainder when 17 is divided by d(l).
7
Calculate the remainder when 123 is divided by (-2808)/90*2/(8/(-10)).
45
Let h(m) = -m + 6. Let k be h(5). Let l(u) = 54*u - 1. Let v = -51 - -78. What is the remainder when l(k) is divided by v?
26
Suppose 8*q - 2*q + 2*d - 292 = 0, 0 = -2*d + 10. Calculate the remainder when q is divided by 20.
7
Let x = 92 - 60. Let g = 47 - x. What is the remainder when 24 is divided by -3*g/(-9) + 4?
6
Let z = 1495 + -1095. Calculate the remainder when z is divided by 99.
4
Let n be (3/2 - -1)*2. Suppose -10 + 4 = 3*x, -58 = -4*c - n*x. Let y = 12 + -3. What is the remainder when c is divided by y?
8
Let t(q) = q**3 + 17*q**2 - q - 1. Let w be t(-17). Let c = w - 10. Calculate the remainder when 40 is divided by c.
4
Let r(f) = f + 